0.
10
Calculate the highest common factor of 81 and 42.
3
What is the greatest common divisor of 658 and 742?
14
What is the greatest common divisor of 9 and 959?
1
What is the greatest common divisor of 542922 and 492?
246
What is the highest common factor of 32220 and 2520?
180
Calculate the highest common factor of 24496 and 2991574.
3062
Calculate the greatest common factor of 23584 and 5962.
22
Calculate the highest common divisor of 154358 and 47686.
226
Calculate the greatest common divisor of 149168 and 16.
16
What is the highest common divisor of 61358 and 66?
22
Calculate the greatest common divisor of 383883 and 123.
123
Calculate the greatest common divisor of 939 and 267.
3
What is the highest common divisor of 1677 and 1329861?
1677
Calculate the highest common divisor of 1172 and 199533.
293
Calculate the greatest common divisor of 390 and 142090.
130
What is the highest common factor of 25413 and 1773?
591
What is the greatest common divisor of 20 and 4352?
4
Calculate the highest common factor of 3895 and 760.
95
Calculate the greatest common factor of 544 and 4556.
68
Calculate the greatest common factor of 663008 and 128.
32
Calculate the greatest common factor of 54 and 51651.
27
What is the greatest common divisor of 594 and 10362?
66
Calculate the greatest common divisor of 9700 and 580.
20
What is the highest common factor of 34 and 64957?
17
What is the greatest common factor of 9232 and 130402?
1154
Calculate the greatest common factor of 84 and 4746.
42
Calculate the highest common factor of 164 and 194.
2
What is the highest common factor of 49 and 10752?
7
Calculate the highest common factor of 5863 and 16159.
143
Calculate the highest common factor of 151606 and 476.
238
Calculate the greatest common divisor of 208 and 1922464.
16
What is the greatest common divisor of 231 and 384447?
21
Calculate the greatest common factor of 69 and 3083955.
69
Calculate the greatest common factor of 2958 and 6.
6
What is the greatest common divisor of 57125 and 875?
125
What is the greatest common divisor of 4224 and 484?
44
What is the greatest common factor of 599074 and 196?
98
Calculate the highest common divisor of 2933 and 122767.
419
What is the greatest common factor of 191002 and 70?
14
What is the greatest common factor of 12 and 1542?
6
Calculate the highest common factor of 224 and 818132.
28
Calculate the greatest common divisor of 529 and 8395.
23
What is the greatest common divisor of 154 and 5271?
7
Calculate the highest common divisor of 1586 and 186782.
122
What is the greatest common factor of 5614 and 938?
14
Calculate the greatest common factor of 17125 and 959.
137
What is the greatest common divisor of 545244 and 96?
12
Calculate the highest common factor of 1770 and 18030.
30
What is the greatest common factor of 1342690 and 20?
10
What is the greatest common divisor of 13350 and 25899?
267
What is the highest common factor of 10 and 5932?
2
Calculate the greatest common divisor of 203 and 6447.
7
Calculate the highest common divisor of 2273717 and 4353.
1451
What is the highest common factor of 116850 and 369?
123
What is the greatest common divisor of 1169095 and 4380?
365
Calculate the highest common factor of 13 and 2171377.
13
What is the highest common factor of 481446 and 9?
9
Calculate the highest common divisor of 175410 and 10.
10
Calculate the greatest common divisor of 123994 and 114.
38
Calculate the highest common factor of 54007 and 53.
53
Calculate the greatest common factor of 51 and 224893.
17
Calculate the highest common divisor of 12180 and 5820.
60
Calculate the greatest common factor of 1466150 and 4425.
1475
What is the greatest common divisor of 30675 and 30?
15
Calculate the greatest common factor of 1492 and 810529.
373
What is the greatest common divisor of 10275 and 24797?
137
Calculate the highest common factor of 9 and 6747.
3
Calculate the highest common divisor of 43952 and 3280.
656
What is the greatest common factor of 139120 and 160?
80
What is the highest common factor of 65910 and 4095?
195
Calculate the greatest common divisor of 4228 and 350.
14
Calculate the highest common divisor of 1195 and 552329.
239
Calculate the highest common divisor of 832 and 78.
26
Calculate the greatest common divisor of 8694 and 78016.
46
What is the greatest common factor of 154 and 210322?
14
Calculate the highest common divisor of 38181 and 4272.
267
What is the highest common divisor of 199566 and 18?
18
Calculate the greatest common factor of 27545 and 140.
35
What is the greatest common divisor of 161446 and 890?
178
Calculate the highest common factor of 613197 and 27.
27
What is the highest common divisor of 63432 and 13032?
72
What is the highest common factor of 10604 and 352?
44
What is the greatest common factor of 11840 and 682280?
1480
What is the highest common divisor of 51207 and 303?
303
What is the highest common factor of 57 and 577163?
19
What is the highest common factor of 13294 and 155482?
578
Calculate the highest common factor of 1003 and 4484.
59
Calculate the greatest common factor of 168831 and 837.
27
What is the highest common divisor of 120 and 348160?
40
Calculate the greatest common factor of 12 and 768.
12
What is the greatest common factor of 27 and 15291?
9
What is the highest common factor of 1280 and 928?
32
What is the greatest common factor of 1026 and 18108?
18
Calculate the greatest common factor of 2503539 and 765.
153
What is the highest common factor of 18472 and 48?
8
What is the greatest common factor of 2 and 17181?
1
What is the highest common divisor of 60 and 219864?
12
Calculate the highest common divisor of 2701 and 16425.
73
Calculate the greatest common factor of 105000 and 1890.
210
What is the greatest common divisor of 5889 and 24843?
39
What is the greatest common factor of 336 and 714?
42
Calculate the highest common factor of 5 and 77305.
5
Calculate the greatest common divisor of 437758 and 752.
94
What is the highest common divisor of 84 and 723?
3
Calculate the highest common divisor of 35557 and 74.
37
Calculate the highest common divisor of 1 and 12386.
1
Calculate the greatest common divisor of 203 and 28333.
29
Calculate the highest common factor of 116816 and 149.
149
What is the greatest common divisor of 362674 and 203?
29
Calculate the greatest common divisor of 197067 and 6045.
1209
What is the highest common divisor of 313536 and 384?
192
What is the greatest common divisor of 9397 and 16?
1
What is the highest common divisor of 7940 and 2340?
20
Calculate the greatest common divisor of 1139985 and 1980.
495
What is the highest common factor of 33 and 716584?
11
Calculate the highest common factor of 205485 and 30.
15
Calculate the highest common factor of 1613238 and 66.
66
What is the highest common factor of 16961 and 1?
1
What is the highest common factor of 8 and 846916?
4
Calculate the highest common divisor of 476 and 88060.
476
Calculate the highest common divisor of 98264 and 22152.
568
Calculate the greatest common factor of 176 and 85954.
22
What is the greatest common factor of 1918 and 1289992?
274
Calculate the greatest common divisor of 3656 and 384.
8
What is the highest common divisor of 1836 and 21828?
204
Calculate the highest common divisor of 1 and 9411.
1
What is the highest common factor of 10 and 39960?
10
Calculate the highest common factor of 616 and 90398.
154
Calculate the highest common divisor of 41 and 47027.
41
Calculate the highest common divisor of 278200 and 416.
104
Calculate the highest common factor of 27030 and 135.
15
Calculate the highest common factor of 11637 and 41807.
431
Calculate the highest common divisor of 205839 and 36.
9
What is the highest common divisor of 102 and 4656?
6
Calculate the greatest common factor of 1394320 and 2320.
2320
What is the highest common factor of 520 and 24700?
260
What is the greatest common factor of 220455 and 355?
355
Calculate the highest common factor of 19516 and 7616.
476
Calculate the highest common divisor of 1515411 and 489.
489
Calculate the greatest common divisor of 202 and 955763.
101
Calculate the highest common factor of 100115 and 5.
5
Calculate the highest common factor of 295936 and 578.
578
What is the highest co